{"id":5517,"date":"2017-03-27T16:38:13","date_gmt":"2017-03-27T14:38:13","guid":{"rendered":"http:\/\/www.conceptio.cc\/?page_id=5517"},"modified":"2017-04-04T15:31:13","modified_gmt":"2017-04-04T13:31:13","slug":"management","status":"publish","type":"page","link":"https:\/\/conceptio.cc\/de\/management\/","title":{"rendered":"Management"},"content":{"rendered":"<section class=\"wpb-content-wrapper\">[vc_row][vc_column width=&#8220;1\/4&#8243;][vc_single_image image=&#8220;5518&#8243; img_size=&#8220;250&#215;340&#8243;]<hr class=\"vertical-space1\">[\/vc_column][vc_column width=&#8220;3\/4&#8243;][vc_column_text]\n<h3>Dr. CHRISTIAN R. AIGNER\u00a0 ( General Manager )<\/h3>\n<p>begann seine Karriere urspr\u00fcnglich als Regisseur am Musiktheater und erwarb in den U.S.A. und Japan Kenntnisse im Aufnahme- und Produktionsbereich klassischer Musik. Kultur- und musikwissenschaftliche Studien in \u00d6sterreich, Tschechien und Deutschland mit einer Spezialisierung auf Europ\u00e4ische Kulturpolitik m\u00fcndeten in einer Reihe von empirischen Untersuchungen \u00fcber Kulturpolitik und Publikumsstrukturen in den mittel-osteurop\u00e4ischen Staaten.<\/p>\n<p>Er zeichnet f\u00fcr die Gesamtkoordination der Conceptio Network B\u00fcros wie auch die k\u00fcnstlerische Gestaltung der Event- und Musikproduktionen verantwortlich. Neben den kulturpolitischen und rechtlichen Rahmenbedingungen unserer Projekte koordiniert er zudem die strategische Ausrichtung f\u00fcr den Bereich der Privat- und Firmenveranstaltungen.[\/vc_column_text][\/vc_column][\/vc_row][vc_row][vc_column width=&#8220;1\/4&#8243;][vc_single_image image=&#8220;5519&#8243; img_size=&#8220;full&#8220;]<hr class=\"vertical-space1\">[\/vc_column][vc_column width=&#8220;3\/4&#8243;][vc_column_text]\n<h3>DANIEL KRAVINA\u00a0 ( Managing Partner, Wien )<\/h3>\n<p>war nach Studien in International Business und Tourismus-Marketing f\u00fcr verschiedene europ\u00e4ische und US-amerikanische Reiseunternehmen als Station Manager und sp\u00e4ter als Director of European Operations t\u00e4tig. Mit einer 20-jahrigen Erfahrung in der Abwicklung internationaler Musik-, Kultur- und Bildungsreisen kann er heute auf eine fundierte touristische Infrastruktur zur\u00fcckgreifen und sich detaillierter Kenntnisse des europ\u00e4ischen Musiklebens erfreuen.<\/p>\n<p>Er leitet die logistische Gesamtkoordination unserer Tourneen und Events sowie die Produktentwicklung im Bereich von Kulturreisen und Bildungsprogrammen. Weiters widmet er sich den Strategien f\u00fcr den US-amerikanischen Markt und der Nachhaltigkeit im Veranstaltungs- und Bildungswesen.[\/vc_column_text][\/vc_column][\/vc_row][vc_row][vc_column]<hr class=\"vertical-space1\">[\/vc_column][\/vc_row]\n<\/section>","protected":false},"excerpt":{"rendered":"<p>[vc_row][vc_column width=&#8220;1\/4&#8243;][vc_single_image image=&#8220;5518&#8243; img_size=&#8220;250&#215;340&#8243;][\/vc_column][vc_column width=&#8220;3\/4&#8243;][vc_column_text] Dr. CHRISTIAN R. AIGNER\u00a0 ( General Manager ) begann seine Karriere urspr\u00fcnglich als Regisseur am Musiktheater und erwarb in den U.S.A. und Japan Kenntnisse im Aufnahme- und Produktionsbereich klassischer Musik. Kultur- und musikwissenschaftliche Studien in \u00d6sterreich, Tschechien und Deutschland mit einer Spezialisierung auf Europ\u00e4ische Kulturpolitik m\u00fcndeten in einer Reihe von empirischen Untersuchungen \u00fcber Kulturpolitik und Publikumsstrukturen in den mittel-osteurop\u00e4ischen Staaten&#8230;. <\/p>\n<p><a class=\"readmore\" href=\"https:\/\/conceptio.cc\/de\/management\/\">Read More<\/a><\/p>\n","protected":false},"author":2,"featured_media":0,"parent":0,"menu_order":6,"comment_status":"closed","ping_status":"closed","template":"","meta":[],"_links":{"self":[{"href":"https:\/\/conceptio.cc\/de\/wp-json\/wp\/v2\/pages\/5517"}],"collection":[{"href":"https:\/\/conceptio.cc\/de\/wp-json\/wp\/v2\/pages"}],"about":[{"href":"https:\/\/conceptio.cc\/de\/wp-json\/wp\/v2\/types\/page"}],"author":[{"embeddable":true,"href":"https:\/\/conceptio.cc\/de\/wp-json\/wp\/v2\/users\/2"}],"replies":[{"embeddable":true,"href":"https:\/\/conceptio.cc\/de\/wp-json\/wp\/v2\/comments?post=5517"}],"version-history":[{"count":18,"href":"https:\/\/conceptio.cc\/de\/wp-json\/wp\/v2\/pages\/5517\/revisions"}],"predecessor-version":[{"id":5732,"href":"https:\/\/conceptio.cc\/de\/wp-json\/wp\/v2\/pages\/5517\/revisions\/5732"}],"wp:attachment":[{"href":"https:\/\/conceptio.cc\/de\/wp-json\/wp\/v2\/media?parent=5517"}],"curies":[{"name":"wp","href":"https:\/\/api.w.org\/{rel}","templated":true}]}}

<section class="wpb-content-wrapper">[vc_row][vc_column width=&#8220;1/4&#8243;][vc_single_image image=&#8220;5518&#8243; img_size=&#8220;250&#215;340&#8243;]<hr class="vertical-space1">[/vc_column][vc_column width=&#8220;3/4&#8243;][vc_column_text]
<h3>Dr. CHRISTIAN R. AIGNER  ( General Manager )</h3>
<p>begann seine Karriere ursprünglich als Regisseur am Musiktheater und erwarb in den U.S.A. und Japan Kenntnisse im Aufnahme- und Produktionsbereich klassischer Musik. Kultur- und musikwissenschaftliche Studien in Österreich, Tschechien und Deutschland mit einer Spezialisierung auf Europäische Kulturpolitik mündeten in einer Reihe von empirischen Untersuchungen über Kulturpolitik und Publikumsstrukturen in den mittel-osteuropäischen Staaten.</p>
<p>Er zeichnet für die Gesamtkoordination der Conceptio Network Büros wie auch die künstlerische Gestaltung der Event- und Musikproduktionen verantwortlich. Neben den kulturpolitischen und rechtlichen Rahmenbedingungen unserer Projekte koordiniert er zudem die strategische Ausrichtung für den Bereich der Privat- und Firmenveranstaltungen.[/vc_column_text][/vc_column][/vc_row][vc_row][vc_column width=&#8220;1/4&#8243;][vc_single_image image=&#8220;5519&#8243; img_size=&#8220;full&#8220;]<hr class="vertical-space1">[/vc_column][vc_column width=&#8220;3/4&#8243;][vc_column_text]
<h3>DANIEL KRAVINA  ( Managing Partner, Wien )</h3>
<p>war nach Studien in International Business und Tourismus-Marketing für verschiedene europäische und US-amerikanische Reiseunternehmen als Station Manager und später als Director of European Operations tätig. Mit einer 20-jahrigen Erfahrung in der Abwicklung internationaler Musik-, Kultur- und Bildungsreisen kann er heute auf eine fundierte touristische Infrastruktur zurückgreifen und sich detaillierter Kenntnisse des europäischen Musiklebens erfreuen.</p>
<p>Er leitet die logistische Gesamtkoordination unserer Tourneen und Events sowie die Produktentwicklung im Bereich von Kulturreisen und Bildungsprogrammen. Weiters widmet er sich den Strategien für den US-amerikanischen Markt und der Nachhaltigkeit im Veranstaltungs- und Bildungswesen.[/vc_column_text][/vc_column][/vc_row][vc_row][vc_column]<hr class="vertical-space1">[/vc_column][/vc_row]
</section>

<p>[vc_row][vc_column width=&#8220;1/4&#8243;][vc_single_image image=&#8220;5518&#8243; img_size=&#8220;250&#215;340&#8243;][/vc_column][vc_column width=&#8220;3/4&#8243;][vc_column_text] Dr. CHRISTIAN R. AIGNER  ( General Manager ) begann seine Karriere ursprünglich als Regisseur am Musiktheater und erwarb in den U.S.A. und Japan Kenntnisse im Aufnahme- und Produktionsbereich klassischer Musik. Kultur- und musikwissenschaftliche Studien in Österreich, Tschechien und Deutschland mit einer Spezialisierung auf Europäische Kulturpolitik mündeten in einer Reihe von empirischen Untersuchungen über Kulturpolitik und Publikumsstrukturen in den mittel-osteuropäischen Staaten&#8230;. </p>
<p><a class="readmore" href="https://conceptio.cc/de/management/">Read More</a></p>
